3*m, a - 6*a + 96 = -d*m. Calculate the greatest common factor of a and 45.
9
Let u be 0 + -2 - (-110 + -3). Let w = -61 + u. What is the highest common factor of w and 20?
10
Let k(r) = 44*r - 2. Let z be k(-3). Let o be (1 - z) + -4 + 4. Let j = 46 - 31. What is the greatest common divisor of o and j?
15
Suppose -a = 2*a - 288. Suppose -3*o + 6*o + 5*j = -a, 4*o + 93 = 5*j. Let w be 10/((-2)/o*3). What is the highest common divisor of w and 5?
5
Let p be 0*(-3)/12 - (-9)/3. What is the highest common divisor of 3 and p?
3
Let z be (-2)/(3 - 1) + 11. What is the greatest common factor of 30 and z?
10
Suppose 0 = -2*m + 39 + 37. Let x = -26 + m. Suppose 11 = 4*b - 13. Calculate the greatest common factor of x and b.
6
Suppose 2*z = -z + 132. What is the highest common divisor of z and 22?
22
Let a(t) = -t**3 - 7*t**2 - 8*t - 4. Suppose -24 = 2*j + 4*i - 0*i, 3*i - 3 = 2*j. Let n be a(j). Calculate the greatest common factor of n and 88.
8
Let a = -7 + 3. Let w = 6 + a. Suppose o = -w*o + 51. Calculate the highest common divisor of 51 and o.
17
Let s = 20 + -12. What is the greatest common factor of s and 8?
8
Suppose z + 237 = 4*j, 3*z - z - 126 = -2*j. What is the highest common factor of j and 40?
20
Let r(x) = 5*x**2 + 3*x - 6. Let s be r(-3). Calculate the highest common divisor of 75 and s.
15
Let w(x) = 3*x + 13. Let t(z) = 6*z + 27. Let d(i) = -6*t(i) + 13*w(i). Let l be d(7). What is the highest common divisor of l and 7?
7
Let n = 1 - -2. Suppose n*l - 2 = 28. What is the greatest common divisor of l and 90?
10
Suppose -35*r = -36*r + 42. Suppose 30 = 5*t - 0*t. Calculate the greatest common divisor of t and r.
6
Suppose 2*p - 318 = 2*k, -k - 102 = -2*p + 219. What is the greatest common factor of p and 18?
18
Let a be 4/(-22) + 8640/88. What is the highest common factor of 14 and a?
14
Let x be ((-2)/(-4))/((-1)/(-86)). Suppose 21 + x = 4*c. What is the greatest common divisor of 16 and c?
16
Let b(m) = m**2 + 4*m + 10. Let q be b(-4). What is the highest common divisor of q and 20?
10
Let l = 62 - 60. Calculate the highest common factor of l and 4.
2
Let c be 1 + 0 + (16 - 1). Suppose -5*l - v = -881, -883 = -4*l - l - 3*v. Calculate the greatest common divisor of c and l.
16
Let u(o) = o**2 + o - 1. Let q = 4 + -7. Let h be u(q). Let v be 74/6 + h/(-15). Calculate the highest common factor of 84 and v.
12
Suppose -5*i = -i - y - 139, 4*y = 2*i - 66. What is the greatest common factor of i and 70?
35
Let v = -2 - 0. Let g = v + 7. What is the highest common divisor of 15 and g?
5
Let x(r) = -36*r. Let h be x(-2). Let q = -105 - -123. What is the highest common divisor of q and h?
18
Let s = -43 - -63. Let j(f) = f**3 - 4*f**2 + f - 2. Let q be j(2). Let o = s + q. What is the greatest common divisor of 132 and o?
12
Let l(g) = 2*g**3 - g**2 + 1. Let r be l(1). Let k be r + -2 + -3 - -5. Suppose -d = 3*i, d - k*i - 6 = i. What is the greatest common factor of d and 12?
3
Suppose 5*p = 5*y + 140, 3 = -p - y + 29. Let j(v) = 3*v**3 - 4*v**2 + v + 2. Let q be j(2). Let c = q + -3. What is the highest common factor of c and p?
9
Let c be 93/(2 - 1) + -1. Let r = 162 - c. Suppose -2 = -3*u + 28. What is the greatest common divisor of r and u?
10
Let c = 0 + 5. Let a(b) = -b**3 - 8*b**2 - 4*b - 7. Suppose 0 = m + 7 + 1. Let t be a(m). Calculate the highest common divisor of t and c.
5
Suppose 2*j = 5*j - 60. Calculate the highest common factor of j and 5.
5
Let h(l) = l**3 - 5*l**2 - 3*l + 3. Let c be h(6). Let a = 11 - 9. Suppose a*y - 5*y + c = 0. Calculate the greatest common divisor of y and 7.
7
Let c(f) = -2*f - 6*f + 2 - 19*f - 3. Let d be c(5). Let h be d/(-22) - 6/33. Calculate the greatest common factor of h and 2.
2
Let t(f) = -f**3 - 3*f**2 - f. Let k be t(-3). Let x(m) = -1 + 5*m**2 + m - k*m**2 - m**2. Let y be x(1). Calculate the greatest common factor of y and 2.
1
Let u = 9 + 2. Calculate the highest common factor of 22 and u.
11
Let s = 12 + -10. Let p(n) = 24*n + 14. Let d(y) = y + 1. Let q(f) = -12*d(f) + p(f). Let u be q(s). What is the highest common divisor of u and 13?
13
Let k = 18 + -10. Let y be (-3)/2*(-4 - k). What is the greatest common factor of y and 9?
9
Let x be (-19)/(-114) - (-154)/12. Suppose 2*m - 295 = -9. Calculate the highest common divisor of m and x.
13
Let t(m) = 2*m**2 + 6*m**2 - m**2 + 2*m. Let z be t(-2). Suppose -3*g = 3*b - z, 0*b + 4*b + 16 = 0. What is the highest common factor of g and 6?
6
Let j(z) = -z - 2. Let m be j(-20). Calculate the greatest common divisor of 198 and m.
18
Let m = 2 - 2. Suppose -3 = 3*c, m*v = -2*v - 5*c + 3. Let q be (18/(-4) + 0)*-8. What is the highest common factor of v and q?
4
Let j(o) = 46*o. Let g be j(-2). Let h = g + 179. What is the highest common factor of h and 29?
29
Suppose -22 = -4*u + 3*o + 527, -3*u + 5*o = -409. Suppose 6*q - 256 = q + 2*m, -3*q - 4*m = -u. Calculate the highest common divisor of q and 20.
10
Suppose h + 15 = 2*h. Let g(i) = -6*i. Let c be g(-1). Suppose 4*r - 3*d - c = -1, -4*r = -2*d - 10. Calculate the highest common factor of h and r.
5
Let h = -8 - -20. Calculate the greatest common divisor of 30 and h.
6
Let f(v) = v**3 + 7*v**2 + 6*v + 8. Let w be f(-6). Let u be 198/w + (-12)/(-48). Calculate the greatest common factor of u and 125.
25
Let h = 2 + 0. Let f be ((-10)/(-2))/(h/42). What is the highest common divisor of 21 and f?
21
Suppose -5*k + 7 = -53. Calculate the greatest common divisor of 84 and k.
12
Suppose 2*y + 138 = -50. Let w = -46 - y. What is the highest common divisor of 12 and w?
12
Let r(v) be the first derivative of 31*v**2 - 3*v + 6. Let q be r(2). What is the greatest common factor of q and 11?
11
Let n(x) = -89*x + 2. Let r be n(-2). Suppose -5*k = -10*k + r. Calculate the greatest common factor of 9 and k.
9
Let o(g) = -g**2 + 6*g + 3. Let p be o(7). Let n = 6 - p. Calculate the highest common divisor of n and 40.
10
Let m = 12 - -2. Suppose -w + 1 = -1. Suppose -5*n + 78 = -w*o, -n - 82 = -6*n + 3*o. Calculate the greatest common divisor of n and m.
14
Let s = 11 - -24. Let q(k) = k + 2. Let i be q(-6). Let a = 9 + i. Calculate the highest common factor of a and s.
5
Suppose -2*w = 0, 0 = -2*v - 0*w - 4*w + 42. Let q = 202 + -139. What is the greatest common divisor of q and v?
21
Suppose -2*a + 11 = 3*k, -3*k + 2*k = -1. Suppose 2*d + 28 + 0 = 5*v, -2*v - 2*d = 0. Suppose -12 = -v*b + b. Calculate the highest common divisor of a and b.
4
Suppose -2*m + 4*m - 38 = 2*b, 3*b = -5*m + 111. Calculate the greatest common factor of 6 and m.
3
Let l be (1/2)/((-4)/(-160)). Let v be l - 1*(-1 + 4). What is the highest common divisor of v and 153?
17
Let k = -128 - -180. Calculate the greatest common divisor of k and 13.
13
Let c = -64 + 66. Calculate the greatest common divisor of 18 and c.
2
Let m = 0 - 2. Let z be (3/(-2))/(m/(-8)). Let h be 16/z*(-6)/4. What is the highest common factor of 36 and h?
4
Suppose 0*s + h = -2*s + 134, 3*h = 4*s - 248. What is the greatest common divisor of s and 13?
13
Let d = -11 + 35. Suppose -5*b - d = 1. Let c be (6 - b)*(0 - -1). Calculate the highest common factor of c and 121.
11
Let m = 165 + -63. What is the greatest common divisor of m and 68?
34
Suppose -2*s + 6 = 0, -p - 4*s = -7 - 5. Suppose 2*g = -p*g. Suppose d + g*m - 14 = 5*m, 3*d = 4*m + 97. Calculate the greatest common factor of d and 13.
13
Let z = -9 - -17. Let b be (15/6 + -3)*0. Suppose b = -5*l - y + 58, -8*l = -4*l + 4*y - 40. Calculate the highest common divisor of z and l.
4
Suppose -2*z + 4*o + 920 = 2*z, -2*z = 2*o - 480. What is the highest common divisor of 94 and z?
47
Suppose -22 + 286 = 3*q. Calculate the greatest common factor of 11 and q.
11
Let w(c) = 5*c**2 - 2 + 2*c**3 - 4*c**2 - 5*c**2 + c - 3*c**3. Let u be w(-6). What is the greatest common factor of u and 16?
16
Let y(c) = c**3 - 2*c**2 + 2*c - 2. Let p be y(2). Suppose -2*j = -v + 16, -2*j - 16 = -2*v + 14. What is the highest common factor of v and p?
2
Let i = 48 - 20. Let n = 1 + 6. Suppose 2*d + 126 = 3*j, 4*d + 42 = j + n*d. What is the highest common divisor of j and i?
14
Let x be (-1)/(4 + 309/(-77)). What is the greatest common factor of 7 and x?
7
Let z(t) = -t**2 - 10*t + 6. Let j be z(-9). Let m(r) = -24*r - 9. Le